 What is the greatest common divisor of o and y?
7
Let k(p) = -p - 3. Let g be k(-5). Suppose 40 = g*s - 4*z, 0 = -4*s - z - 3*z + 32. Calculate the greatest common divisor of s and 48.
12
Let t(r) = -5 + 5*r**2 + 10 + 2*r + r**2 - 5*r**2. Let w be t(-5). What is the highest common factor of w and 8?
4
Let g be (1*6*1)/2. Let b(i) = 2*i + 4. Let l be b(g). Let n(v) = 2*v - 3. Let o be n(9). What is the greatest common factor of o and l?
5
Let v be -1 - (-3)/(-2)*-10. Calculate the highest common divisor of 70 and v.
14
Let m(n) = n**3 - n + 16. Let y be m(0). Suppose -21*b = -y*b - 350. What is the greatest common divisor of 28 and b?
14
Suppose -293 = -5*p + 2*b + 330, p - 5*b - 120 = 0. What is the greatest common factor of p and 50?
25
Let l be (-2)/9 + (-77)/(-63). What is the greatest common factor of l and 7?
1
Let o be 8/20*(-20)/(-8). What is the highest common divisor of o and 2?
1
Let b = -16 - -28. Let h = b + -6. What is the highest common factor of 3 and h?
3
Let w(z) = -z**2 - 5*z + 7. Let t = -3 + -2. Let f be w(t). Suppose -5*x + 41 = -3*o, -3*x - 34 = -f*x + 3*o. What is the highest common divisor of x and 14?
7
Let f = -6 + 44. Calculate the highest common factor of 76 and f.
38
Suppose -2 = -5*t + 13. Suppose 0*j = t*j - 150. Let n = j + -34. Calculate the highest common divisor of n and 4.
4
Let l = -92 + 97. What is the highest common divisor of 10 and l?
5
Suppose -5*s = 3*v - 58, -6*s + s = v - 6. What is the highest common factor of 26 and v?
26
Let c(u) = -6*u - 1. Let g be c(3). Let r = g - -27. Calculate the highest common divisor of r and 4.
4
Let k = 31 - 2. Let g(i) = 50*i + 3. Let q be g(4). Calculate the highest common factor of k and q.
29
Suppose 0 = -5*p + y - 1076, 0 = -p + 2*p - 3*y + 204. Let t = p + 450. Suppose 3*d - t = d. What is the highest common factor of 13 and d?
13
Let o be (-1)/(-3) - 264/(-18). Let m = -15 - -60. What is the highest common factor of o and m?
15
Let o = -6 + 9. Suppose 0*r - o*r + 39 = 0. What is the greatest common factor of 104 and r?
13
Let a(n) be the second derivative of 2*n**3/3 + 3*n**2 - 2*n. Let i be a(-5). Let x be 4/i - (-708)/28. What is the greatest common factor of 5 and x?
5
Let r(o) = -18*o - 6. Let c be r(-2). What is the greatest common factor of c and 6?
6
Suppose 4*u - 1 = -3*c + 9*u, -3*c - 11 = u. Let k = 15 + c. Calculate the highest common divisor of 60 and k.
12
Let y = -11 - -31. What is the highest common divisor of 160 and y?
20
Let z = 10 - 5. Let x(u) = u + 6 + 11*u**2 - 17*u**2 + u**3 + z*u. Let g be x(5). Calculate the highest common factor of g and 1.
1
Let k(n) = 15*n**3 - n**2 + 1. Let u be k(1). What is the highest common factor of u and 135?
15
Let r(c) = -3*c**3 - 1. Let n be r(-1). Let z be (2/n)/((-1)/(-5)). Calculate the greatest common divisor of 45 and z.
5
Let r(b) = 3*b**2 - b + 3*b**2 + b**3 + 1 - 6*b**2. Let s be r(2). Calculate the highest common factor of s and 49.
7
Let n be 20/2*10/4. Suppose 0 = 4*z + 5*k - n, 0*z - 2*z - 5*k = -5. What is the highest common divisor of z and 110?
10
Let y(n) = -4*n + 1. Let c be y(-1). Suppose 7 = c*h - 3. Let o = h - 0. What is the greatest common factor of 2 and o?
2
Suppose l = w + 4*w - 11, 5*w - 56 = -4*l. Calculate the greatest common factor of 63 and l.
9
Suppose 4*w + 0 = 24. What is the highest common factor of w and 12?
6
Let s(x) = x**3 + 7*x**2 + 4*x - 12. Let t be s(-5). What is the highest common divisor of 72 and t?
18
Let o be 5 - ((-12)/(-3) + -2). Suppose 3*u - 12 + o = 0. Let y be ((-27)/2)/(-3)*6. Calculate the highest common divisor of y and u.
3
Let x = -15 - -15. Suppose x = 4*g - 63 - 9. Calculate the greatest common divisor of g and 27.
9
Let g be (-6624)/(-60) - (-4)/(-10). What is the greatest common factor of g and 22?
22
Let f = 6 + 22. Let t(b) = -b**3 + 4*b**2 - 1. Let z be t(3). Let c = z + -4. Calculate the highest common divisor of f and c.
4
Let u be 26 + (1 - 1)/(8/8). Let s be 230/18 - 4/(-18). Calculate the highest common divisor of u and s.
13
Let v = 239 - 131. What is the greatest common divisor of v and 27?
27
Let h(d) = 6*d - 6. Let u be h(5). What is the greatest common factor of 12 and u?
12
Suppose 38 = -4*g + 5*g. What is the greatest common factor of g and 152?
38
Let c(n) = 2*n - 43 + 2*n**2 + 36 - n**2. Let o be ((-18)/(-4))/((-6)/8). Let u be c(o). Calculate the highest common factor of 17 and u.
17
Suppose 0 = 5*l + 14 - 84. Let w(j) be the third derivative of j**5/60 + j**4/8 + j**3/3 - 3*j**2. Let p be w(5). What is the highest common divisor of l and p?
14
Suppose 0 = l + l - 112. Let t(n) = n**3 - 12*n**2 - 13*n + 14. Let w be t(13). What is the greatest common factor of w and l?
14
Let r(g) = -g + 1 + 0*g**2 + 2*g - g**2. Let x be r(-2). Let i = 0 - x. Calculate the highest common factor of 20 and i.
5
Let t be 4/18 + (-2019)/(-27). What is the greatest common factor of 50 and t?
25
Suppose 3*h - 2*h + 5*m + 31 = 0, -4*h = 2*m + 88. Let t be 4/14 - 36/h. Suppose 26 = t*o - 6. What is the highest common divisor of 64 and o?
16
Let b = 70 + -27. Suppose 0 = -2*y - 11 + b. Let t be (-5 - -4)*y/(-1). Calculate the greatest common divisor of 40 and t.
8
Suppose -6*o + 20 = -4. Calculate the greatest common factor of 12 and o.
4
Suppose 44*b - 88 = 42*b. Calculate the greatest common factor of 55 and b.
11
Let p be (-4)/(-5)*(-5)/(-2). Suppose 4*y + 4*w - 20 = 0, 4*w - 6 = -p*y + 10. Calculate the greatest common factor of 3 and y.
1
Let t be 5*2/10*2. Suppose t*k - 4 - 12 = 0. Calculate the greatest common factor of k and 40.
8
Suppose 390 = -2*r - 3*r. Let u be r/((45/6)/(-5)). Suppose 0*y + 5*p = -3*y + 176, -y + 5*p + u = 0. Calculate the highest common factor of y and 38.
19
Let f be (6 + -3 - 2)*22. Calculate the greatest common factor of f and 66.
22
Let a be (-341)/22 + 1/2. Let v = 16 + a. Calculate the greatest common factor of 4 and v.
1
Let k be 19 + 2/2 + -2. Let y(t) = -t**3 - 5*t**2 + 3*t - 14. Let p be y(-6). Suppose -k = -p*l + 10. What is the greatest common divisor of l and 21?
7
Let r be -35 + 1/(1/(-2)). Let g be (151 - 1 - 3) + 2. Let l = r + g. What is the highest common factor of l and 16?
16
Let u(l) = l**2 + 2*l - 9. Let f be u(-7). Let r = 65 + -26. What is the highest common divisor of r and f?
13
Let r(i) be the first derivative of -23*i**2/2 + 2*i + 3. Let l be r(-6). Let x be (-1)/(-2 + 278/l). Calculate the highest common divisor of 28 and x.
14
Suppose 100 = 5*y - 15. What is the greatest common divisor of y and 23?
23
Let n be 4/(-10) - 112/(-5). Calculate the greatest common divisor of n and 44.
22
Suppose -180 = -5*m + 80. Calculate the highest common factor of 13 and m.
13
Suppose 2*r - 1 = 3. Suppose -5*z - r*q - 21 = 0, 12 = 5*z - 4*q + 45. Let i be (12/z)/((-2)/10). What is the highest common factor of 108 and i?
12
Let w(b) = b**2 - 4*b + 6. Let f be w(4). Let d = f + -3. Let x be (-5)/(15/(-48))*d. What is the highest common divisor of x and 6?
6
Let z = 0 - -5. Let l = z + -2. What is the highest common factor of l and 2?
1
Let v(i) be the first derivative of 7*i**4/4 + 2*i**3/3 - i + 3. Let a be v(1). Calculate the highest common factor of 4 and a.
4
Let h be 30/9*7*3. Calculate the greatest common factor of h and 14.
14
Suppose 0 = -3*g - 7 + 187. Calculate the greatest common divisor of g and 24.
12
Suppose -78 = -4*p - 9*p. What is the highest common factor of p and 24?
6
Suppose -4*l + 110 - 36 = -3*a, 4*l - 2*a = 76. What is the highest common factor of l and 20?
20
Let b be (-69)/(-15)*(-5 + 10). Calculate the greatest common divisor of 46 and b.
23
Let t(p) = p**2 - 3*p - 4. Let y be t(4). Let r = 1 - y. Let u be (3/(-9))/(r/(-9)). What is the highest common factor of 6 and u?
3
Suppose -21 = -4*t + 2*h + 21, 5*t = -h + 63. Calculate the highest common divisor of t and 156.
12
Let n = 7 - 4. Suppose 4*g - 368 = -0*q - n*q, -5*q - 2*g + 618 = 0. Suppose 5*b - 4*y = b + 160, -3*b + y = -q. What is the greatest common factor of b and 14?
14
Suppose -3*w - 2*w + 75 = 0. What is the greatest common factor of w and 3?
3
Let d(l) = 23*l**2 + 5*l + 3. Let h be d(-3). Let s be (-50)/1 + 8/(-4). Let g = h + s. What is the highest common divisor of g and 13?
13
Let g(u) = -8*u**2 - u**3 - 11*u + 2*u*